 y(p) = 14*p**2 + 71*p - 4. What is y(-5)?
-9
Let l(x) = -x**3 + 2*x**2 + 5*x. What is l(4)?
-12
Let y(b) = -b**2 + 18*b + 31. Give y(20).
-9
Let p(l) = -l**2 - 9*l - 20. Calculate p(-6).
-2
Let w(p) = 6*p - 1. Calculate w(3).
17
Let n(y) = -4*y + 9. Calculate n(-4).
25
Let f(i) = i**2 - 8*i - 88. Calculate f(0).
-88
Let g(j) = j**2 - 6*j + 1. Determine g(5).
-4
Let a(z) = -20*z - 16. What is a(-2)?
24
Let t(p) = 5*p**3 + p**2 - 2*p + 1. Give t(1).
5
Let d(y) = -12*y - 2. Determine d(-1).
10
Let s(i) = i**3 + 6*i**2 - 30*i - 30. Give s(-9).
-3
Let v(p) = -p**3 + 31*p**2 + 2*p - 58. Give v(31).
4
Let q(u) = 3*u + 9. Determine q(10).
39
Let s(r) = -4*r + 47. What is s(28)?
-65
Let c(l) = -l**3 + 5*l**2 - 6*l + 6. Determine c(3).
6
Let d(k) = -k - 1. What is d(7)?
-8
Let f(u) = -u**3 + 10*u**2 - 9*u + 5. Calculate f(9).
5
Let b(m) = -m**2 + 26*m - 95. Give b(20).
25
Let x(i) = -i**2 + 3*i + 4. Determine x(3).
4
Let r(g) = -5*g + 23. Give r(15).
-52
Let b(s) = -s**2 - 10*s + 77. What is b(-15)?
2
Let n(m) = m**3 - m + 58. Determine n(0).
58
Let i(c) = -52*c**2. Give i(1).
-52
Let x(p) = -p**3 - 7*p**2 + 3*p + 12. Calculate x(-7).
-9
Let r(v) = -v - 4. Calculate r(-3).
-1
Let n(x) = -2*x**3 + 7*x**2 - 11*x + 4. Calculate n(3).
-20
Let r(g) = 17*g - 1. Determine r(1).
16
Let k(i) = -27*i - 1088. Determine k(-40).
-8
Let r(g) = g**2 - g + 19. Give r(0).
19
Let z(i) = -2*i - 1. Calculate z(2).
-5
Let b(q) = 2*q**3 + 3*q**2 - 2*q - 1. What is b(-3)?
-22
Let s(y) = y + 19. Determine s(-13).
6
Let t(y) = -y**3 - 12*y**2 + 13*y - 17. Calculate t(-13).
-17
Let w(h) = h**2 + 15*h + 20. Give w(-14).
6
Let v(q) = -q**2 + 6*q + 2. Determine v(8).
-14
Let s(y) = y**3 + 7*y**2 + 17*y + 18. Calculate s(-4).
-2
Let j(k) = -k**3 - 8*k**2 + 2*k + 4. Determine j(-7).
-59
Let d(r) = 6*r**3 - 2*r**2 - 2*r - 3. What is d(-2)?
-55
Let t(l) = -l**2 + 20*l - 34. What is t(19)?
-15
Let h(m) = -7*m - 13. Give h(0).
-13
Let q(x) = -x**2 - 15*x + 5. What is q(-16)?
-11
Let f(v) = -v**3 + 16*v**2 - 38*v - 1. What is f(13)?
12
Let j(c) = -c**2 + 11*c - 3. Give j(9).
15
Let r(m) = m**3 - 2*m**2 - 7*m + 6. What is r(4)?
10
Let c(d) = -d**3 + 14*d**2 - 13*d + 7. Determine c(13).
7
Let u(q) = -q**2 - 22*q + 5. Determine u(-4).
77
Let s(z) = z**2 + 5*z + 9. What is s(-6)?
15
Let g(o) = o**2 - 2*o - 14. Determine g(5).
1
Let s(t) = 2*t + 11. What is s(-4)?
3
Let w(x) = -3*x - 12. What is w(8)?
-36
Let r(k) = 2*k**2 + 23*k - 11. Give r(-11).
-22
Let z(a) = a**3 + 3*a**2 - 2*a + 1. Give z(-3).
7
Let v(z) = -z**2 - 16*z + 26. Calculate v(-17).
9
Let c(a) = -2*a**3 - 3*a**2 - 2*a - 4. Determine c(-2).
4
Let v(w) = -3*w**2 + 3*w + 2. Give v(-2).
-16
Let h(z) = 3*z - 6. Give h(15).
39
Let t(y) = y**2 + 8*y + 14. Determine t(-7).
7
Let z(h) = -h**3 + 6*h**2 - h - 5. Determine z(5).
15
Let l(x) = -x**3 + 7*x**2 + 13*x - 3. Calculate l(8).
37
Let z(k) = 5*k - 1. What is z(3)?
14
Let n(w) = -w**3 + 7*w**2 + 8*w - 7. Determine n(6).
77
Let y(r) = r**3 + r**2 - 3*r - 1. Give y(-4).
-37
Let v(u) = 2*u - 2. Determine v(-3).
-8
Let j(t) = t**3 + 7*t**2 - 11*t + 10. Calculate j(-9).
-53
Let u(p) = p - 9. Give u(6).
-3
Let n(f) = 3*f + 7. Determine n(-9).
-20
Let n(g) = -g - 37. What is n(-7)?
-30
Let l(i) = 29*i - 47. What is l(2)?
11
Let p(j) = -j**2 - 25*j - 27. Give p(-24).
-3
Let j(r) = 4*r - 21. Calculate j(-12).
-69
Let n(v) = -v**2 + v + 3. Determine n(3).
-3
Let j(v) = -v**2 - 25*v - 123. Determine j(-19).
-9
Let w(y) = y**3 - 11*y**2 + 27*y + 16. Determine w(7).
9
Let o(n) = n**3 + 2*n**2 - n + 23. Give o(-4).
-5
Let h(b) = b**3 + 5*b**2 + 10*b + 8. What is h(-3)?
-4
Let o(x) = -2*x**2 + x. What is o(2)?
-6
Let b(g) = g**3 + g**2 - g - 20. Give b(0).
-20
Let g(a) = a**2 + 9*a + 3. Calculate g(-8).
-5
Let v(r) = -3*r**3 + 3*r**2 - 3*r - 2. Determine v(2).
-20
Let h(d) = -d + 5. Give h(11).
-6
Let m(z) = -2*z**2 + 14*z - 20. Give m(5).
0
Let d(m) = -3*m**2 + 7*m - 9. What is d(2)?
-7
Let y(t) = -19*t - 363. What is y(-19)?
-2
Let j(r) = 3*r**2 + 25*r + 3. What is j(-6)?
-39
Let m(w) = -2*w**2 - 3*w - 8. What is m(-6)?
-62
Let z(r) = -r**3 + 2*r**2 - r - 2. What is z(1)?
-2
Let o(y) = -y**3 - 11*y**2 - 11*y - 16. Give o(-10).
-6
Let o(f) = 6*f - 15. Give o(5).
15
Let g(b) = -b**3 - 2*b**2 + 7*b + 12. What is g(-4)?
16
Let k(h) = -h**2 + 9*h + 34. What is k(11)?
12
Let t(z) = -8*z + 9. Calculate t(4).
-23
Let j(l) = -3*l**2 - 34*l + 58. What is j(-13)?
-7
Let p(k) = -43*k - 2. What is p(-2)?
84
Let x(u) = u**3 + 4*u**2 - 4*u + 2. Calculate x(-5).
-3
Let s(k) = -3*k + 77. What is s(21)?
14
Let y(l) = l**2 + 10*l + 7. What is y(-8)?
-9
Let l(s) = s**2 - 13*s - 18. Give l(13).
-18
Let o(a) = -3*a - 4. Determine o(-1).
-1
Let f(l) = -8*l - 8. Give f(3).
-32
Let b(x) = 14*x**2 + 2*x + 3. Determine b(3).
135
Let x(m) = m + 6. Give x(10).
16
Let c(r) = -5*r**3 + 1. Calculate c(1).
-4
Let g(v) = -v**2 + 22*v - 115. What is g(14)?
-3
Let j(b) = b**2 - 35*b + 155. Determine j(6).
-19
Let v(t) = 10*t - 41. What is v(6)?
19
Let d(s) = -s**3 - 6*s**2 + 24*s - 26. What is d(-9)?
1
Let u(b) = -3*b + 10. Determine u(12).
-26
Let y(g) = -76*g + 7. Determine y(1).
-69
Let i(o) = -o**3 - 4*o**2 + 14*o + 42. Determine i(-5).
-3
Let j(n) = -n**3 - 6*n**2 - 4*n - 3. Give j(-4).
-19
Let w(s) = -s**2 - 9*s - 19. What is w(-4)?
1
Let n(i) = 2*i - 10. Calculate n(0).
-10
Let m(y) = y**3 + 3*y**2 - 6*y - 8. What is m(-5)?
-28
Let d(a) = -a**3 - 4*a**2 + 11*a - 8. Calculate d(-6).
-2
Let r(q) = q**2 + 7*q + 19. Give r(-7).
19
Let q(z) = -z**3 - 4*z**2 + 2*z + 4. What is q(2)?
-16
Let n(y) = 5*y + 20. What is n(-4)?
0
Let d(i) = -6*i + 140. Calculate d(22).
8
Let g(a) = a**3 - 20*a**2 + a - 22. Calculate g(20).
-2
Let d(b) = -2*b**3 + 9*b**2 - 9. Give d(5).
-34
Let b(y) = 3*y**2 - 4*y + 3. Calculate b(4).
35
Let y(h) = -3*h**2 + 8*h + 2. Calculate y(3).
-1
Let l(k) = k**3 + 3*k**2 + 27. Determine l(-4).
11
Let b(a) = -a**3 + 11*a**2 - 12*a + 8. Give b(10).
-12
Let t(b) = 2*b**2 - 57*b + 138. Calculate t(26).
8
Let o(k) = -k**3 - k**2 - 8*k - 17. Give o(-3).
25
Let c(l) = -23*l - 442. Determine c(-19).
-5
Let c(a) = 30*a**2. What is c(1)?
30
Let l(o) = o**2 + 19*o + 108. Calculate l(-9).
18
Let f(k) = k**3 + 12*k**2 + 4*k - 5. Determine f(-9).
202
Let x(j) = j**2 - 5*j + 2. Calculate x(4).
-2
Let h(g) = g**2 + 12*g + 6. Calculate h(-11).
-5
Let i(a) = -a + 10. Give i(-4).
14
Let y(l) = -l**3 - 12*l**2 - 2*l - 10. Give y(-12).
14
Let d(z) = -26*z**2 + 17*z - 18. Calculate d(1).
-27
Let a(p) = p**3 - 6*p**2 - 25*p - 20. Give a(9).
-2
Let o(l) = -12*l + 19. What is o(8)?
-77
Let n(p) = -22*p**3 + 2*p**2 - p + 1. What is n(1)?
-20
Let q(s) = -s**3 + 6*s**2 - 8*s + 8. What is q(6)?
-40
Let r(a) = -2*a + 13. Give r(6).
1
Let o(n) = 4*n - 42. Determine o(11).
2
Let x(t) = 2*t + 5. Give x(4).
13
Let d(l) = 18*l - 71. What is d(4)?
1
Let k(u) = 18*u + 29. What is k(-4)?
-43
Let r(a) = -6*a**2 + 4*a - 5. Give r(3).
-47
Let b(f) = -f**3 + 8*f**2 + 13*f + 30. Give b(10).
-40
Let u(i) = 63*i - 189. Give u(3).
0
Let o(m) = -27*m**2 - 12*m + 2. What is o(-1)?
-13
Let r(b) = b**2 + 2*b. What is r(1)?
3
Let h(k) = -22*k + 164. What is h(7)?
10
Let c(n) = n**3 - 7*n**2 + 9*n. Determine c(5).
-5
Let f(w) = w**3 + 2*w**2 - 2*w + 25. Give f(0).
25
Let x(t) = 2*t - 6. Calculate x(18).
30
Let m(t) = t**3 - t**2 + 2*t - 11. Determine m(0).
-11
Let b(h) = 7*h**2 - 10*h - 22. Determine b(-2).
26
Let a(x) = x**3 + 4*x**2 - 4*x + 5. Calculate a(-4).
21
Let t(b) = b**3 + 23*b**2 + 21*b - 32. Give t(-22).
-10
Let z(o) = 13*o - 93. Give z(7).
-2
Let y(q) = -5*q - 19. Determine y(-11).
36
Let x(t) = -10*t - 4. Determine x(3).
-34
Let s(c) = -6*c**2 + 4*c + 5. Give s(-2).
-27
Let n(o) = o**3 - 6*o**2 - o + 1. Calculate n(6).
-5
Let k(u) = -4*u - 32. Calculate k(-10).
8
Let c(s) = -s**2 + 7*s + 24. Determine c(10).
-6
Let j(s) = -s**3 - 9*s**2 + 23*s + 4. Calculate j(-11).
-7
Let s(f) = f + 27. Calculate s(-12).
15
Let l(q) = -6*q**3 - 10*q**2 + 2*q + 1. Give l(-2).
5
Let g(h) = h**3 + 8*h**2 + 7*h + 7. Determine g(-7).
7
Let i(f) = -f**3 - 4*f**2 - 2*f - 2. Give i(-3).
-5
Let b(f) = 3*f**3 + 6*f**2 + 2*f - 1. What is b(-1)?
0
Let j(t) = 5*t**2 + 5*t + 6. Give j(-4).
66
Let b(x) = 8*x**2 - 2*x + 1. What is b(-1)?
11
Let r(z) = -4*z - 29. Determine r(-9)